{"id":389,"date":"2019-08-20T17:04:25","date_gmt":"2019-08-20T17:04:25","guid":{"rendered":"http:\/\/sanchezartista.com\/?page_id=389"},"modified":"2019-08-20T17:04:26","modified_gmt":"2019-08-20T17:04:26","slug":"contacto","status":"publish","type":"page","link":"http:\/\/sanchezartista.com\/?page_id=389","title":{"rendered":"Contacto"},"content":{"rendered":"\n<div class=\"wpcf7 no-js\" id=\"wpcf7-f4-o1\" lang=\"es-ES\" dir=\"ltr\" data-wpcf7-id=\"4\">\n<div class=\"screen-reader-response\"><p role=\"status\" aria-live=\"polite\" aria-atomic=\"true\"><\/p> <ul><\/ul><\/div>\n<form action=\"\/index.php?rest_route=%2Fwp%2Fv2%2Fpages%2F389#wpcf7-f4-o1\" method=\"post\" class=\"wpcf7-form init\" aria-label=\"Formulario de contacto\" novalidate=\"novalidate\" data-status=\"init\">\n<fieldset class=\"hidden-fields-container\"><input type=\"hidden\" name=\"_wpcf7\" value=\"4\" \/><input type=\"hidden\" name=\"_wpcf7_version\" value=\"6.1.5\" \/><input type=\"hidden\" name=\"_wpcf7_locale\" value=\"es_ES\" \/><input type=\"hidden\" name=\"_wpcf7_unit_tag\" value=\"wpcf7-f4-o1\" \/><input type=\"hidden\" name=\"_wpcf7_container_post\" value=\"0\" \/><input type=\"hidden\" name=\"_wpcf7_posted_data_hash\" value=\"\" \/>\n<\/fieldset>\n<p><label> Su nombre (obligatorio)<br \/>\n<span class=\"wpcf7-form-control-wrap\" data-name=\"your-name\"><input size=\"40\" maxlength=\"400\" class=\"wpcf7-form-control wpcf7-text wpcf7-validates-as-required\" aria-required=\"true\" aria-invalid=\"false\" value=\"\" type=\"text\" name=\"your-name\" \/><\/span> <\/label>\n<\/p>\n<p><label> Su Email (obligatorio)<br \/>\n<span class=\"wpcf7-form-control-wrap\" data-name=\"your-email\"><input size=\"40\" maxlength=\"400\" class=\"wpcf7-form-control wpcf7-email wpcf7-validates-as-required wpcf7-text wpcf7-validates-as-email\" aria-required=\"true\" aria-invalid=\"false\" value=\"\" type=\"email\" name=\"your-email\" \/><\/span> <\/label>\n<\/p>\n<p><label> Asunto:<br \/>\n<span class=\"wpcf7-form-control-wrap\" data-name=\"your-subject\"><input size=\"40\" maxlength=\"400\" class=\"wpcf7-form-control wpcf7-text\" aria-invalid=\"false\" value=\"\" type=\"text\" name=\"your-subject\" \/><\/span> <\/label>\n<\/p>\n<p><label> Su mensaje:<br \/>\n<span class=\"wpcf7-form-control-wrap\" data-name=\"your-message\"><textarea cols=\"40\" rows=\"10\" maxlength=\"2000\" class=\"wpcf7-form-control wpcf7-textarea\" aria-invalid=\"false\" name=\"your-message\"><\/textarea><\/span> <\/label>\n<\/p>\n<p><input class=\"wpcf7-form-control wpcf7-submit has-spinner\" type=\"submit\" value=\"Enviar\" \/>\n<\/p><p style=\"display: none !important;\" class=\"akismet-fields-container\" data-prefix=\"_wpcf7_ak_\"><label>&#916;<textarea name=\"_wpcf7_ak_hp_textarea\" cols=\"45\" rows=\"8\" maxlength=\"100\"><\/textarea><\/label><input type=\"hidden\" id=\"ak_js_1\" name=\"_wpcf7_ak_js\" value=\"212\"\/><script>document.getElementById( \"ak_js_1\" ).setAttribute( \"value\", ( new Date() ).getTime() );<\/script><\/p><div class=\"wpcf7-response-output\" aria-hidden=\"true\"><\/div>\n<\/form>\n<\/div>\n\n","protected":false},"excerpt":{"rendered":"","protected":false},"author":1,"featured_media":0,"parent":0,"menu_order":0,"comment_status":"closed","ping_status":"closed","template":"","meta":{"footnotes":"","_links_to":"","_links_to_target":""},"class_list":["post-389","page","type-page","status-publish","hentry"],"yoast_head":"<!-- This site is optimized with the Yoast SEO plugin v27.4 - https:\/\/yoast.com\/product\/yoast-seo-wordpress\/ -->\n<title>Contacto - S\u00e1nchez Artista<\/title>\n<meta name=\"robots\" content=\"index, follow, max-snippet:-1, max-image-preview:large, max-video-preview:-1\" \/>\n<link rel=\"canonical\" href=\"http:\/\/sanchezartista.com\/?page_id=389\" \/>\n<meta property=\"og:locale\" content=\"es_ES\" \/>\n<meta property=\"og:type\" content=\"article\" \/>\n<meta property=\"og:title\" content=\"Contacto - S\u00e1nchez Artista\" \/>\n<meta property=\"og:url\" content=\"http:\/\/sanchezartista.com\/?page_id=389\" \/>\n<meta property=\"og:site_name\" content=\"S\u00e1nchez Artista\" \/>\n<meta property=\"article:modified_time\" content=\"2019-08-20T17:04:26+00:00\" \/>\n<meta name=\"twitter:card\" content=\"summary_large_image\" \/>\n<script type=\"application\/ld+json\" class=\"yoast-schema-graph\">{\"@context\":\"https:\\\/\\\/schema.org\",\"@graph\":[{\"@type\":\"WebPage\",\"@id\":\"http:\\\/\\\/sanchezartista.com\\\/?page_id=389\",\"url\":\"http:\\\/\\\/sanchezartista.com\\\/?page_id=389\",\"name\":\"Contacto - S\u00e1nchez Artista\",\"isPartOf\":{\"@id\":\"http:\\\/\\\/sanchezartista.com\\\/#website\"},\"datePublished\":\"2019-08-20T17:04:25+00:00\",\"dateModified\":\"2019-08-20T17:04:26+00:00\",\"breadcrumb\":{\"@id\":\"http:\\\/\\\/sanchezartista.com\\\/?page_id=389#breadcrumb\"},\"inLanguage\":\"es\",\"potentialAction\":[{\"@type\":\"ReadAction\",\"target\":[\"http:\\\/\\\/sanchezartista.com\\\/?page_id=389\"]}]},{\"@type\":\"BreadcrumbList\",\"@id\":\"http:\\\/\\\/sanchezartista.com\\\/?page_id=389#breadcrumb\",\"itemListElement\":[{\"@type\":\"ListItem\",\"position\":1,\"name\":\"Home\",\"item\":\"http:\\\/\\\/sanchezartista.com\\\/\"},{\"@type\":\"ListItem\",\"position\":2,\"name\":\"Contacto\"}]},{\"@type\":\"WebSite\",\"@id\":\"http:\\\/\\\/sanchezartista.com\\\/#website\",\"url\":\"http:\\\/\\\/sanchezartista.com\\\/\",\"name\":\"S\u00e1nchez Artista\",\"description\":\"Artes Pl\u00e1sticas - Exposici\u00f3n y venta\",\"publisher\":{\"@id\":\"http:\\\/\\\/sanchezartista.com\\\/#organization\"},\"potentialAction\":[{\"@type\":\"SearchAction\",\"target\":{\"@type\":\"EntryPoint\",\"urlTemplate\":\"http:\\\/\\\/sanchezartista.com\\\/?s={search_term_string}\"},\"query-input\":{\"@type\":\"PropertyValueSpecification\",\"valueRequired\":true,\"valueName\":\"search_term_string\"}}],\"inLanguage\":\"es\"},{\"@type\":\"Organization\",\"@id\":\"http:\\\/\\\/sanchezartista.com\\\/#organization\",\"name\":\"S\u00e1nchez Artista\",\"url\":\"http:\\\/\\\/sanchezartista.com\\\/\",\"logo\":{\"@type\":\"ImageObject\",\"inLanguage\":\"es\",\"@id\":\"http:\\\/\\\/sanchezartista.com\\\/#\\\/schema\\\/logo\\\/image\\\/\",\"url\":\"http:\\\/\\\/sanchezartista.com\\\/wp-content\\\/uploads\\\/2019\\\/08\\\/logo3-1.png\",\"contentUrl\":\"http:\\\/\\\/sanchezartista.com\\\/wp-content\\\/uploads\\\/2019\\\/08\\\/logo3-1.png\",\"width\":698,\"height\":118,\"caption\":\"S\u00e1nchez Artista\"},\"image\":{\"@id\":\"http:\\\/\\\/sanchezartista.com\\\/#\\\/schema\\\/logo\\\/image\\\/\"}}]}<\/script>\n<!-- \/ Yoast SEO plugin. -->","yoast_head_json":{"title":"Contacto - S\u00e1nchez Artista","robots":{"index":"index","follow":"follow","max-snippet":"max-snippet:-1","max-image-preview":"max-image-preview:large","max-video-preview":"max-video-preview:-1"},"canonical":"http:\/\/sanchezartista.com\/?page_id=389","og_locale":"es_ES","og_type":"article","og_title":"Contacto - S\u00e1nchez Artista","og_url":"http:\/\/sanchezartista.com\/?page_id=389","og_site_name":"S\u00e1nchez Artista","article_modified_time":"2019-08-20T17:04:26+00:00","twitter_card":"summary_large_image","schema":{"@context":"https:\/\/schema.org","@graph":[{"@type":"WebPage","@id":"http:\/\/sanchezartista.com\/?page_id=389","url":"http:\/\/sanchezartista.com\/?page_id=389","name":"Contacto - S\u00e1nchez Artista","isPartOf":{"@id":"http:\/\/sanchezartista.com\/#website"},"datePublished":"2019-08-20T17:04:25+00:00","dateModified":"2019-08-20T17:04:26+00:00","breadcrumb":{"@id":"http:\/\/sanchezartista.com\/?page_id=389#breadcrumb"},"inLanguage":"es","potentialAction":[{"@type":"ReadAction","target":["http:\/\/sanchezartista.com\/?page_id=389"]}]},{"@type":"BreadcrumbList","@id":"http:\/\/sanchezartista.com\/?page_id=389#breadcrumb","itemListElement":[{"@type":"ListItem","position":1,"name":"Home","item":"http:\/\/sanchezartista.com\/"},{"@type":"ListItem","position":2,"name":"Contacto"}]},{"@type":"WebSite","@id":"http:\/\/sanchezartista.com\/#website","url":"http:\/\/sanchezartista.com\/","name":"S\u00e1nchez Artista","description":"Artes Pl\u00e1sticas - Exposici\u00f3n y venta","publisher":{"@id":"http:\/\/sanchezartista.com\/#organization"},"potentialAction":[{"@type":"SearchAction","target":{"@type":"EntryPoint","urlTemplate":"http:\/\/sanchezartista.com\/?s={search_term_string}"},"query-input":{"@type":"PropertyValueSpecification","valueRequired":true,"valueName":"search_term_string"}}],"inLanguage":"es"},{"@type":"Organization","@id":"http:\/\/sanchezartista.com\/#organization","name":"S\u00e1nchez Artista","url":"http:\/\/sanchezartista.com\/","logo":{"@type":"ImageObject","inLanguage":"es","@id":"http:\/\/sanchezartista.com\/#\/schema\/logo\/image\/","url":"http:\/\/sanchezartista.com\/wp-content\/uploads\/2019\/08\/logo3-1.png","contentUrl":"http:\/\/sanchezartista.com\/wp-content\/uploads\/2019\/08\/logo3-1.png","width":698,"height":118,"caption":"S\u00e1nchez Artista"},"image":{"@id":"http:\/\/sanchezartista.com\/#\/schema\/logo\/image\/"}}]}},"_links":{"self":[{"href":"http:\/\/sanchezartista.com\/index.php?rest_route=\/wp\/v2\/pages\/389","targetHints":{"allow":["GET"]}}],"collection":[{"href":"http:\/\/sanchezartista.com\/index.php?rest_route=\/wp\/v2\/pages"}],"about":[{"href":"http:\/\/sanchezartista.com\/index.php?rest_route=\/wp\/v2\/types\/page"}],"author":[{"embeddable":true,"href":"http:\/\/sanchezartista.com\/index.php?rest_route=\/wp\/v2\/users\/1"}],"replies":[{"embeddable":true,"href":"http:\/\/sanchezartista.com\/index.php?rest_route=%2Fwp%2Fv2%2Fcomments&post=389"}],"version-history":[{"count":1,"href":"http:\/\/sanchezartista.com\/index.php?rest_route=\/wp\/v2\/pages\/389\/revisions"}],"predecessor-version":[{"id":390,"href":"http:\/\/sanchezartista.com\/index.php?rest_route=\/wp\/v2\/pages\/389\/revisions\/390"}],"wp:attachment":[{"href":"http:\/\/sanchezartista.com\/index.php?rest_route=%2Fwp%2Fv2%2Fmedia&parent=389"}],"curies":[{"name":"wp","href":"https:\/\/api.w.org\/{rel}","templated":true}]}}